e s(28).
2
Let g(k) = k**3 - 11*k**2 + 9*k + 19. Give g(10).
9
Let x(o) = -13*o**3 + o**2 + o + 1. Give x(-1).
14
Let n(z) = -z**2 - 7*z - 12. Determine n(-6).
-6
Let n(y) = -11*y + 2. Determine n(2).
-20
Let i(g) = g**3 - 8*g**2 - 3*g + 10. Calculate i(8).
-14
Let j(s) = -4*s**3 + s**2. What is j(1)?
-3
Let p(o) = -108*o + 437. Determine p(4).
5
Let r(i) = -45*i + 39. Calculate r(2).
-51
Let v(j) = j**3 - 14*j**2 + 10*j + 44. What is v(13)?
5
Let o(a) = -2*a**2 + 18*a + 12. Calculate o(10).
-8
Let n(u) = 5*u + 5. Determine n(-6).
-25
Let u(q) = -q**3 - 49*q**2 + 49*q - 42. What is u(-50)?
8
Let b(l) = -7*l + 7. Determine b(6).
-35
Let z(p) = -46*p - 1201. Calculate z(-26).
-5
Let s(g) = g**3 + 13*g**2 - 12*g + 30. What is s(-14)?
2
Let p(m) = 2*m**2 + 2*m - 7. Determine p(-5).
33
Let g(w) = -w**3 + 4*w**2 - w - 10. Calculate g(3).
-4
Let v(t) = 59*t**2 - t. Calculate v(1).
58
Let n(b) = -b**3 + 29*b**2 + 2*b - 53. What is n(29)?
5
Let c(z) = -z - 12. Determine c(4).
-16
Let v(x) = -13*x + 564. Calculate v(43).
5
Let d(n) = -n**2 - 13*n + 43. Calculate d(-16).
-5
Let j(m) = m**2 - 23*m + 81. Calculate j(19).
5
Let r(x) = x**3 + 4*x**2 + 3*x + 1. Calculate r(-3).
1
Let a(t) = t**3 - 19*t**2 + 15*t + 106. What is a(18)?
52
Let w(g) = 21*g + 1064. Calculate w(-50).
14
Let s(p) = p**2 - 9*p - 13. What is s(9)?
-13
Let a(l) = -l**3 + 6*l**2 + 2*l - 8. Calculate a(6).
4
Let m(x) = -x**3 - 28*x**2 + 31*x + 94. What is m(-29)?
36
Let t(k) = -k**2 - k + 64. Calculate t(-7).
22
Let y(l) = l + 6. Determine y(8).
14
Let q(d) = 7*d - 20. What is q(6)?
22
Let f(t) = 25*t - 158. Give f(6).
-8
Let u(t) = 4*t + 19. Calculate u(-5).
-1
Let u(k) = -k**3 + 8*k**2 - k + 9. Calculate u(7).
51
Let w(c) = 5*c - 65. Give w(14).
5
Let z(n) = 2*n**2 + 8*n - 2. Give z(-6).
22
Let v(y) = 9*y**2 - 8*y - 4. Determine v(-3).
101
Let f(v) = 12*v - 33. What is f(6)?
39
Let r(f) = -11*f - 1. What is r(-5)?
54
Let o(l) = -3*l**2 - l + 13. Determine o(3).
-17
Let v(r) = r**3 - 10*r**2 + r - 16. What is v(10)?
-6
Let u(v) = 3*v**2 + 15*v - 4. Calculate u(-5).
-4
Let i(h) = -17*h**3 - h**2 + h. Calculate i(-1).
15
Let w(a) = a**3 - 14*a**2 - 31*a + 15. Determine w(16).
31
Let o(p) = 2*p**2 + 6. Determine o(0).
6
Let n(p) = -p**3 + 37*p**2 - 101*p - 38. What is n(34)?
-4
Let f(z) = 5*z. What is f(7)?
35
Let d(j) = j - 17. Give d(21).
4
Let h(d) = d**3 + 39*d**2 + 43*d + 104. Calculate h(-38).
-86
Let o(d) = -8*d - 176. Determine o(-21).
-8
Let g(d) = 6*d**3 - 2*d**2 - 2*d - 1. Determine g(-1).
-7
Let u(w) = 2*w**2 - 22*w + 16. Give u(11).
16
Let w(o) = -5*o - 7. Calculate w(-2).
3
Let a(x) = -x**2 + 9*x + 3. Determine a(9).
3
Let k(b) = 8*b + 34. Determine k(-3).
10
Let v(n) = -5*n - 30. What is v(-7)?
5
Let x(v) = v**3 + 6*v**2 + 2*v - 5. What is x(-6)?
-17
Let v(f) = -f**2 + 8*f + 5. Determine v(8).
5
Let r(o) = -o + 14. Give r(15).
-1
Let q(j) = 2*j**2 - 2*j - 1. What is q(-5)?
59
Let f(w) = -w - 17. What is f(-7)?
-10
Let b(y) = -y - 3. What is b(10)?
-13
Let y(q) = -q**3 - 6*q**2 + 6*q + 5. Calculate y(-7).
12
Let z(t) = -t**3 + 7*t**2 - 5. Give z(4).
43
Let t(a) = a**3 + 13*a**2 + a + 12. Determine t(-13).
-1
Let a(q) = -q**3 - 4*q**2 + q. Give a(-4).
-4
Let b(f) = f**3 + 6*f**2 + 9*f - 6. Give b(-4).
-10
Let d(w) = w**3 - 7*w**2 - 5*w + 4. Calculate d(8).
28
Let y(t) = 3*t**2 + 6*t - 3. What is y(-3)?
6
Let l(t) = 19*t + 3. Determine l(-1).
-16
Let y(r) = r**3 - 4*r**2 + 3*r + 5. Determine y(4).
17
Let z(r) = -7*r + 29. Give z(5).
-6
Let b(c) = c**3 + 4*c**2 + 5*c - 4. Calculate b(-4).
-24
Let c(z) = 61*z - 34. Determine c(1).
27
Let s(o) = -11*o + 182. What is s(17)?
-5
Let x(l) = l**3 + 4*l**2 - 4*l + 7. Give x(0).
7
Let m(i) = -2*i**2 - 10*i - 8. What is m(-6)?
-20
Let h(t) = -t**2 + 5*t + 1. Give h(8).
-23
Let s(g) = g**3 + 6*g**2 + g + 7. Calculate s(-6).
1
Let o(b) = -2*b - 29. What is o(-6)?
-17
Let i(w) = 5*w - 8. What is i(4)?
12
Let d(f) = 18*f - 1. Calculate d(-1).
-19
Let c(f) = f + 31. What is c(-4)?
27
Let h(t) = -t**2 + 6*t - 1. Determine h(8).
-17
Let n(u) = 4*u**3 + u**2 + u + 1. What is n(-1)?
-3
Let t(s) = -s**3 + 8*s**2 - s + 3. Calculate t(8).
-5
Let v(d) = -4*d - 24. Give v(-6).
0
Let l(k) = -k**3 + 16*k**2 + 57*k - 2. Calculate l(19).
-2
Let o(n) = 2*n**3 + 89*n**2 + 42*n - 85. Calculate o(-44).
3
Let b(r) = 3*r + 12. Give b(-7).
-9
Let a(b) = -b**3 - b**2 + 5*b + 2. What is a(2)?
0
Let r(g) = -g**2 + 8*g - 14. What is r(6)?
-2
Let d(i) = i**2 + 3*i - 16. What is d(-5)?
-6
Let f(q) = -4*q + 11. What is f(8)?
-21
Let u(j) = j - 25. What is u(24)?
-1
Let r(n) = -2*n - 31. Determine r(-12).
-7
Let x(d) = 3*d + 3. Give x(3).
12
Let y(s) = 10*s + 3. Give y(-6).
-57
Let l(i) = 10*i + 14. Give l(-3).
-16
Let d(b) = b - 22. Give d(24).
2
Let d(g) = g**3 + 27*g**2 - 30*g - 40. Determine d(-28).
16
Let m(w) = w**3 + 23*w**2 - 26*w - 47. What is m(-24)?
1
Let l(r) = -r + 7. Determine l(4).
3
Let s(q) = 9*q + 12. Give s(-3).
-15
Let x(p) = -p**3 + 6*p**2 + 2*p - 10. Determine x(6).
2
Let f(i) = -i**3 - 11*i**2 - 17*i + 16. Determine f(-9).
7
Let w(s) = -s**3 + 8*s**2 - 6*s + 4. Determine w(8).
-44
Let u(b) = 5*b + 74. Give u(-14).
4
Let w(o) = -47*o**2 - 1. Give w(-1).
-48
Let o(b) = -b**2 - 24*b - 3. Calculate o(-10).
137
Let j(w) = -2*w + 4. What is j(-4)?
12
Let q(j) = j - 4. Calculate q(3).
-1
Let g(f) = -4*f**2 + f - 1. Determine g(1).
-4
Let v(u) = -u + 2. What is v(3)?
-1
Let m(k) = 2*k**3 + 6*k**2 - k - 15. What is m(-4)?
-43
Let k(w) = -5*w**2 + 19*w + 12. Calculate k(5).
-18
Let x(v) = v - 7. What is x(-15)?
-22
Let z(r) = 101*r - 205. Determine z(2).
-3
Let t(j) = 3*j - 3. Calculate t(7).
18
Let b(v) = -v**3 - 15*v**2 - 21*v + 18. What is b(-13)?
-47
Let y(p) = 2*p + 62. What is y(-10)?
42
Let j(h) = h**2 + 13*h - 1. Give j(-12).
-13
Let y(j) = j**3 + 11*j**2 - 7*j + 24. What is y(-12)?
-36
Let l(u) = -u**3 - 11*u**2 - 9*u + 6. Calculate l(-10).
-4
Let c(a) = -a**3 + 8*a**2 + 11*a - 17. Calculate c(9).
1
Let m(s) = s**2 + 14*s - 81. Determine m(-18).
-9
Let m(p) = 14*p - 77. Determine m(4).
-21
Let g(j) = 3*j**2 - 25*j + 12. Give g(8).
4
Let u(v) = 44*v - 93. Calculate u(2).
-5
Let z(b) = -b**2 + 5*b - 9. Determine z(6).
-15
Let x(a) = 3*a**2 - 2*a - 10. Calculate x(-3).
23
Let q(i) = -3*i**2 + 6*i - 3. What is q(4)?
-27
Let i(w) = 2*w - 8. Give i(6).
4
Let f(b) = -b**2 + 8*b - 20. Determine f(8).
-20
Let o(k) = -2*k**2 + 3*k - 28. Determine o(0).
-28
Let k(y) = -y**2 + 7*y + 10. What is k(7)?
10
Let m(k) = -k - 5. Give m(-7).
2
Let m(q) = q**3 - 10*q**2 + 18*q + 7. Give m(7).
-14
Let p(m) = 16*m - 144. What is p(9)?
0
Let k(l) = -l**3 - 5*l**2 - 9*l - 6. Calculate k(-2).
0
Let w(d) = d**2 - 39. What is w(5)?
-14
Let k(y) = -12*y**2 + 4. Calculate k(2).
-44
Let j(k) = k**2 + 6*k + 3. Give j(-6).
3
Let f(x) = 2*x**2 + 13*x - 63. What is f(-10)?
7
Let q(r) = 11*r**2 - 3*r - 8. What is q(-2)?
42
Let p(q) = q**3 + 8*q**2 + 6*q + 2. Give p(-6).
38
Let j(p) = -p**2 + 19*p - 39. Calculate j(16).
9
Let s(u) = 3*u + 14. What is s(-6)?
-4
Let s(x) = -3*x + 23. What is s(4)?
11
Let f(g) = g**3 - 5*g**2 + 7. What is f(4)?
-9
Let p(v) = -v**3 - 8*v**2 + 9*v + 11. Calculate p(-9).
11
Let x(r) = -12*r - 94. What is x(-10)?
26
Let h(t) = 2*t**2 + 41*t + 95. Give h(-18).
5
Let k(g) = g**3 - 5*g**2 - 11*g + 65. Give k(6).
35
Let l(q) = 43*q + 24. Calculate l(-1).
-19
Let c(x) = 2*x**3 - 2*x + 7. Give c(3).
55
Let g(z) = -z**2 + 8*z + 14. Calculate g(10).
-6
Let y(g) = -g + 16. Give y(-12).
28
Let h(l) = 2*l**3 - 29*l**2 + 8*l + 103. What is h(14)?
19
Let d(r) = 2*r + 44. Determine d(-13).
18
Let f(w) = -16*w + 6. What is f(-1)?
22
Let l(v) = -v + 18. Calculate l(36).
-18
Let k(n) = 2*n**2 + 10*n. Determine k(-2).
-12
Let q(i) = -3*i**2 + 6*i - 3. Give q(4).
-27
Let i(z) = -z**2 + z - 1. Calculate i(5).
-21
Let q(t) = t**2 - 8*t + 3. Calculate q(6).
-9
Let w(f) = -4*f - 12. Calculate w(-6).
12
Let t(n) = 2*n**2 - 13. What is t(0)?
-13
Let w(m) = -m**3 - 5*m**2 - 2*m + 5. What is w(-2)?
-3
Let r(b) = b**2 - 7*b - 10. Determine r(10).
20
Let o(b) = -b**3 + 8*b**2 + 2*b + 5. What is o(7)?
68
Let h(t) = 6*t + 5. Determine h(-10).
-55
Let b(a) = -a**3 - 23*a**2 - 22*a. Determine b(-22).
0
Let v(a) = -a**2 + a + 11. Give v(5).
-9
Let u(h) = -h**3 - 18*h**2 + 36*h - 16. What